 w = 3359 - 3320. What is the highest common divisor of 1599 and w?
39
Let n = 19 - 4. Suppose -3*f + n = -15. Let d = 75 - 45. Calculate the highest common divisor of f and d.
10
Let d be (-49 - -23)*1/(-2). Suppose -1218 + 3 = -3*r - 3*x, 3*r = -2*x + 1213. Calculate the highest common factor of d and r.
13
Suppose 5*h + 1335 = 5*v, -285 = -v + 13*h - 9*h. Calculate the greatest common divisor of 45 and v.
9
Suppose 0*v - 25 = -w + 4*v, 2*w = -2*v. Suppose 0 = 5*h - 5*a - 170, w*a = h - 14 - 32. What is the greatest common factor of h and 2?
1
Suppose 389 - 73 = 4*u. Suppose 192 = -71*x + u*x. Calculate the greatest common factor of 15 and x.
3
Suppose -3*t - 9*p + 4*p + 15 = 0, 0 = p. Let n(w) = 18*w**2 + 4*w - t + 7 - 17*w**2. Let y be n(-6). What is the highest common divisor of 168 and y?
14
Let i be 13/(-12 + (-1275)/(-105)). What is the greatest common factor of i and 481?
13
Let n be (-27)/6*-222*(9 + -8). Let z be -37*((2 - 6) + 3). Calculate the greatest common factor of z and n.
37
Let x be 61/((-20)/(-20)) - (-5 - 0). Calculate the highest common divisor of x and 6072.
66
Suppose -47 = -33*u + 85. Let j be 1/u + 179197/332. What is the greatest common divisor of 18 and j?
18
Suppose -61*n - 239 = -147*n + 449. Let a = 6 + -1. Let z(y) = 3*y**2 - 7*y. Let l be z(a). Calculate the greatest common divisor of n and l.
8
Suppose 196073 + 232111 + 41352 = 395*l + 141*l. Let u = 174 - 101. What is the highest common factor of l and u?
73
Let v(q) = -q**3 - 4*q**2 + 4*q - 5. Let k be v(-5). Suppose -5*f + 3*f + 254 = k. Suppose -9*g + f = 10. What is the greatest common factor of g and 52?
13
Let j(c) = 3*c + 32. Let a(r) = r + 10. Let t(z) = -8*a(z) + 3*j(z). Let f be -1 + 9/2*-2. Let b be t(f). What is the highest common divisor of b and 4?
2
Suppose 55 - 247 = -3*k. Suppose x - k = -x. Let y(u) = u**3 + 50*u**2 + 335*u + 54. Let l be y(-42). What is the greatest common divisor of l and x?
32
Let h be (2/((8/62)/(-2)))/(107/(-535)). Calculate the greatest common factor of 6665 and h.
155
Suppose -3*y - 3*c - 6 = 0, 5*c + 18 - 2 = -2*y. Suppose -4*u = -4*m + 140, y*u = m + 3*m - 130. What is the highest common factor of m and 480?
30
Suppose -a = -p + 205, a - 211 = -0*p - p. Let i be (p/39)/(2/3). Let s(g) = g**2 - 4*g + 3. Let o be s(-5). What is the highest common divisor of o and i?
8
Let n be 454*(195/15 + 3). Calculate the highest common factor of 227 and n.
227
Let q(i) = -i**3 + 20*i**2 + 5*i - 19. Let k = -33 + 38. Suppose -7*x + 2*x = k, x = 2*a - 41. Let w be q(a). Calculate the highest common factor of w and 9.
9
Let t(w) = w**3 + 53*w**2 - 124*w + 49. Let z be t(-55). Calculate the highest common factor of 468 and z.
117
Let r = -44 - -52. Let p be 8/6*(4092/r)/11. Let v = 67 - 36. What is the greatest common factor of p and v?
31
Let c = -1211 + 2112. Suppose -c = -3*z + 107. What is the highest common divisor of z and 7?
7
Let s(f) = 20*f**3 - f**2 + 5*f - 3. Let j be s(1). Suppose 0 = 17*x - j*x + 828. Calculate the greatest common factor of x and 69.
69
Let z(y) = -5*y**2 - 89*y + 9. Let q be z(-6). What is the highest common divisor of q and 231?
33
Suppose 0 = 183*k - 3*k - 190440. What is the highest common factor of 276 and k?
46
Let o(m) = 29*m**3 - 2*m + 111. Let b be o(5). What is the highest common divisor of b and 2208?
138
Suppose 1 = 3*c + 4. Let x = 14 - c. Let d = 22550 + -22505. Calculate the highest common factor of d and x.
15
Suppose -l + 20 = l. Let x(f) = f**3 - 3*f**2 - 871*f + 6. Let p be x(-28). What is the greatest common divisor of l and p?
10
Let m = -130 + 133. Let b = -4 - -10. Suppose 113 = 2*y + 3*t, -b*t + 3 = -m*t. Calculate the highest common factor of 11 and y.
11
Let h be (-242668)/(-266)*(-7)/(-2). Calculate the highest common divisor of h and 186.
31
Let t(d) = d**2 - 12*d + 12. Let o be t(8). Let s be (8/o)/((-2)/990). Let v = -5493 + 5515. Calculate the highest common divisor of v and s.
22
Suppose -x + 1 = 3*j - 1, 5*x - 4*j = 29. Suppose -a + 6*w - 2*w + 25 = 0, 5*w = -20. Suppose 39 + 96 = a*p. What is the highest common factor of p and x?
5
Let p = 34 - 36. Let l be (-2 + -16)*(-4)/p. Let v = l + 42. What is the greatest common factor of v and 24?
6
Suppose -5*y = -2*q + 10, 2*y + 7 = 4*q - 13. Suppose 7*l - 2*l - 5 = y. Let h be 26/78*(l + 80). Calculate the greatest common factor of h and 297.
27
Let m(k) = -k**3 + 105*k**2 + 902*k + 268. Let t be m(113). Calculate the greatest common divisor of t and 3171.
21
Let s(i) = -2*i + 3. Let j be s(0). Let k = 11 - -43. Let f be (-36)/k*(3 + -1 - 38). What is the highest common divisor of j and f?
3
Let r(c) = -53*c + 7. Let g be r(-5). Suppose -3*p - 245 = -g. Calculate the greatest common divisor of p and 21.
3
Suppose -3*m + 212 - 194 = 0. Let w(u) = -2*u**3 + 14*u**2 - 5*u - 17. Let h be w(m). Let f = -145 - -345. Calculate the greatest common divisor of f and h.
25
Let d be 97/9 + (-2)/(-9). Let t be (-8)/(-1) - 52/13. Suppose -t*z - 103 = -b, -3*z + 1 = 4. What is the greatest common divisor of b and d?
11
Let y(i) = -766*i - 4584. Let d be y(-6). What is the greatest common factor of d and 2262?
6
Let p = -2400 - -2472. What is the greatest common factor of p and 30?
6
Let a = -528 + 576. Calculate the greatest common divisor of a and 294.
6
Let m be ((-1)/(-2))/((-2)/(-4)). Suppose -12825*y - 64 = -12841*y. What is the greatest common divisor of y and m?
1
Let k = 87 - 70. Let p = k - -4. Suppose 4*n - 45 = -n + 2*w, -4*n + 23 = w. Calculate the highest common factor of n and p.
7
Suppose -204*v + 8552 + 8176 = 0. What is the highest common divisor of 1107 and v?
41
Suppose 2*h - 86 = -4*u, -h + 3*u + 120 = 2*h. Let l = -940 - -1637. What is the highest common factor of l and h?
41
Suppose 0 = -95*j + 86*j + 1890. What is the highest common divisor of j and 70?
70
Suppose -7*q + 4*q = -6*q. Suppose 2*n - 502 - 308 = q. Calculate the highest common factor of 30 and n.
15
Let n(l) = 66*l**3 - 18*l**2 + 79*l - 53. Let y be n(5). Calculate the highest common divisor of 6 and y.
6
Let s = 9 - -18. Let h = 11850 + -11526. Calculate the highest common factor of h and s.
27
Let a be 6 + (-1938)/304 + 379/8. Calculate the highest common divisor of 1927 and a.
47
Let i(c) = 4676*c**3 - 3*c**2 + c + 1. Let o be i(1). What is the highest common divisor of 1309 and o?
187
Let y be 1/1*(-12 + 52). Let d = 29 - 49. Let j be 5/d + (-802)/(-8). Calculate the greatest common divisor of j and y.
20
Let d = -7729 + 22664. Calculate the highest common factor of 145 and d.
145
Let d(z) = z - 1. Let w(s) = 14*s - 37. Let c(b) = 4*d(b) - w(b). Let u be c(-5). Let f = -75 + u. What is the highest common divisor of 16 and f?
8
Let o be ((-2)/4)/((-8)/32). Let d be (-384)/(-40) + 4/10. Suppose -3*x = -d*x + 42. Calculate the highest common factor of o and x.
2
Let j = -16327 - -16351. Calculate the highest common divisor of j and 1200.
24
Suppose 4*i = l + 291 - 64, -5*i - 5*l = -265. Let m(k) = 4*k**3 + 24*k**2 - 5*k + 5. Let q be m(-6). Calculate the greatest common factor of q and i.
7
Let n(y) = 301*y**2 - 38*y + 37. Let c be n(1). What is the greatest common divisor of c and 552?
12
Let h = -4 + 12. Let k be (-2)/(h/(-76)) - 2. What is the highest common factor of k and 170?
17
Suppose 3*q - 9448 = -m, q - 3146 = -40*m + 43*m. What is the highest common factor of q and 94?
47
Let z = -6186 + 6406. Calculate the highest common divisor of z and 340.
20
Suppose 819 = 1426*i - 1419*i. What is the greatest common divisor of 832 and i?
13
Suppose -f + 4*p = 2*f + 2, 4*f - 16 = -4*p. Let g be 50*(-5)/((-50)/f)*16. Calculate the greatest common divisor of g and 8.
8
Suppose 3*r - 2*g = 2262, g - 1633 - 638 = -3*r. Calculate the highest common factor of 189 and r.
189
Let f(o) = -35*o + 417. Let r be f(-29). Calculate the highest common divisor of r and 40.
8
Let o = -3469 + 3471. Let q(x) = -7*x - 1. Let p be q(-2). Suppose -p = -2*z - 2*r - r, -z + r - 1 = 0. What is the highest common factor of o and z?
2
Suppose -2*q + 248*y + 488 = 250*y, q - 279 = 4*y. Calculate the highest common factor of q and 17821.
251
Suppose 18 - 6 = 6*t. Suppose -2*p = 3*v - 537, t*p - 2*v - 522 = -0*v. Suppose 0*x + p = 3*x. What is the highest common divisor of x and 8?